{"id":106,"date":"2012-11-01T14:07:02","date_gmt":"2012-11-01T13:07:02","guid":{"rendered":"http:\/\/www.ensandoc.org\/?page_id=106"},"modified":"2024-11-14T18:42:48","modified_gmt":"2024-11-14T17:42:48","slug":"historia","status":"publish","type":"page","link":"https:\/\/ensandoc.org\/historia","title":{"rendered":"Historia"},"content":{"rendered":"<p>[et_pb_section fb_built=\u00bb1&#8243; custom_padding_last_edited=\u00bbon|desktop\u00bb _builder_version=\u00bb3.22&#8243; background_color=\u00bb#cfe4f3&#8243; custom_padding_tablet=\u00bb50px|0|50px|0&#8243; transparent_background=\u00bboff\u00bb padding_mobile=\u00bboff\u00bb make_fullwidth=\u00bboff\u00bb use_custom_width=\u00bboff\u00bb width_unit=\u00bboff\u00bb custom_width_px=\u00bb1080px\u00bb custom_width_percent=\u00bb80%\u00bb][et_pb_row padding_mobile=\u00bboff\u00bb column_padding_mobile=\u00bbon\u00bb module_class=\u00bb et_pb_row_fullwidth\u00bb _builder_version=\u00bb3.25&#8243; background_size=\u00bbinitial\u00bb background_position=\u00bbtop_left\u00bb background_repeat=\u00bbrepeat\u00bb width=\u00bb89%\u00bb width_tablet=\u00bb80%\u00bb width_last_edited=\u00bbon|desktop\u00bb max_width=\u00bb89%\u00bb max_width_tablet=\u00bb80%\u00bb max_width_last_edited=\u00bbon|desktop\u00bb make_fullwidth=\u00bbon\u00bb use_custom_width=\u00bboff\u00bb width_unit=\u00bboff\u00bb custom_width_px=\u00bb1080px\u00bb custom_width_percent=\u00bb80%\u00bb column_structure=\u00bb1_4,3_4&#8243;][et_pb_column type=\u00bb1_4&#8243; _builder_version=\u00bb3.25&#8243; custom_padding=\u00bb|||\u00bb custom_padding__hover=\u00bb|||\u00bb][et_pb_image src=\u00bbhttp:\/\/ensandoc.org\/wp-content\/uploads\/2016\/12\/Region-Andalucia-Occ-y-Canarias.png\u00bb align_tablet=\u00bbcenter\u00bb align_last_edited=\u00bbon|desktop\u00bb _builder_version=\u00bb3.23&#8243; use_border_color=\u00bboff\u00bb border_color=\u00bb#ffffff\u00bb border_width=\u00bb1px\u00bb border_style=\u00bbsolid\u00bb animation=\u00bboff\u00bb sticky=\u00bboff\u00bb always_center_on_mobile=\u00bbon\u00bb][\/et_pb_image][\/et_pb_column][et_pb_column type=\u00bb3_4&#8243; _builder_version=\u00bb3.25&#8243; custom_padding=\u00bb|||\u00bb custom_padding__hover=\u00bb|||\u00bb][et_pb_divider show_divider=\u00bboff\u00bb disabled_on=\u00bbon|on|off\u00bb _builder_version=\u00bb3.23.4&#8243; height=\u00bb2px\u00bb hide_on_mobile=\u00bbon\u00bb][\/et_pb_divider][et_pb_text _builder_version=\u00bb3.0.87&#8243; background_size=\u00bbinitial\u00bb background_position=\u00bbtop_left\u00bb background_repeat=\u00bbrepeat\u00bb text_orientation=\u00bbcenter\u00bb module_alignment=\u00bbcenter\u00bb use_border_color=\u00bboff\u00bb border_style=\u00bbsolid\u00bb]<\/p>\n<h1><span style=\"color: #000000;\">Historia de nuestros sectores<\/span><\/h1>\n<p>[\/et_pb_text][\/et_pb_column][\/et_pb_row][\/et_pb_section][et_pb_section fb_built=\u00bb1&#8243; custom_padding_last_edited=\u00bbon|desktop\u00bb admin_label=\u00bbsection\u00bb _builder_version=\u00bb3.22&#8243; custom_padding_tablet=\u00bb50px|0|50px|0&#8243; transparent_background=\u00bboff\u00bb padding_mobile=\u00bboff\u00bb make_fullwidth=\u00bboff\u00bb use_custom_width=\u00bboff\u00bb width_unit=\u00bboff\u00bb custom_width_px=\u00bb1080px\u00bb custom_width_percent=\u00bb80%\u00bb][et_pb_row padding_mobile=\u00bboff\u00bb column_padding_mobile=\u00bbon\u00bb _builder_version=\u00bb3.25&#8243; background_size=\u00bbinitial\u00bb background_position=\u00bbtop_left\u00bb background_repeat=\u00bbrepeat\u00bb make_fullwidth=\u00bboff\u00bb use_custom_width=\u00bboff\u00bb width_unit=\u00bboff\u00bb custom_width_px=\u00bb1080px\u00bb custom_width_percent=\u00bb80%\u00bb][et_pb_column type=\u00bb4_4&#8243; _builder_version=\u00bb3.25&#8243; custom_padding=\u00bb|||\u00bb custom_padding__hover=\u00bb|||\u00bb][et_pb_text admin_label=\u00bbTexto\u00bb _builder_version=\u00bb3.0.87&#8243; background_size=\u00bbinitial\u00bb background_position=\u00bbtop_left\u00bb background_repeat=\u00bbrepeat\u00bb use_border_color=\u00bboff\u00bb border_style=\u00bbsolid\u00bb]<\/p>\n<h3><strong><span style=\"text-decoration: underline;\">EL MOVIMIENTO DESDE DISTINTAS PERSPECTIVAS<\/span><\/strong><\/h3>\n<div><\/div>\n<p>[\/et_pb_text][\/et_pb_column][\/et_pb_row][et_pb_row padding_mobile=\u00bboff\u00bb column_padding_mobile=\u00bbon\u00bb admin_label=\u00bbrow\u00bb _builder_version=\u00bb3.25&#8243; background_size=\u00bbinitial\u00bb background_position=\u00bbtop_left\u00bb background_repeat=\u00bbrepeat\u00bb make_fullwidth=\u00bboff\u00bb use_custom_width=\u00bboff\u00bb width_unit=\u00bboff\u00bb custom_width_px=\u00bb1080px\u00bb custom_width_percent=\u00bb80%\u00bb column_structure=\u00bb1_3,2_3&#8243;][et_pb_column type=\u00bb1_3&#8243; _builder_version=\u00bb3.25&#8243; custom_padding=\u00bb|||\u00bb custom_padding__hover=\u00bb|||\u00bb][et_pb_image src=\u00bbhttp:\/\/ensandoc.org\/wp-content\/uploads\/2016\/12\/Memorias-262&#215;190.jpg\u00bb align_tablet=\u00bbcenter\u00bb align_last_edited=\u00bbon|desktop\u00bb _builder_version=\u00bb3.23&#8243; use_border_color=\u00bboff\u00bb border_color=\u00bb#ffffff\u00bb border_width=\u00bb1px\u00bb border_style=\u00bbsolid\u00bb animation=\u00bboff\u00bb sticky=\u00bboff\u00bb always_center_on_mobile=\u00bbon\u00bb][\/et_pb_image][\/et_pb_column][et_pb_column type=\u00bb2_3&#8243; _builder_version=\u00bb3.25&#8243; custom_padding=\u00bb|||\u00bb custom_padding__hover=\u00bb|||\u00bb][et_pb_text admin_label=\u00bbTexto\u00bb _builder_version=\u00bb3.0.87&#8243; background_size=\u00bbinitial\u00bb background_position=\u00bbtop_left\u00bb background_repeat=\u00bbrepeat\u00bb use_border_color=\u00bboff\u00bb border_style=\u00bbsolid\u00bb]<\/p>\n<h6>Para \u00abBajar\u00bb y Leer (formato\u00a0pdf)<\/h6>\n<\/p>\n<ul>\n<li><a href=\"wp-content\/uploads\/2012\/11\/01_carta_abierta.pdf\">Carta Abierta a los ENS de Andaluc\u00eda Occidental.<\/a><\/li>\n<li><a href=\"wp-content\/uploads\/2012\/11\/02_ens_en_sevilla_parte_1.pdf\">Historia de los ENS en Sevilla &#8211; Parte 1<\/a><\/li>\n<li><a href=\"wp-content\/uploads\/2012\/11\/03_ens_en_sevilla_parte_2.pdf\">Historia de los ENS en Sevilla &#8211; Parte 2<\/a><\/li>\n<li><a href=\"wp-content\/uploads\/2012\/11\/04_ens_en_cordoba.pdf\">Historia de los ENS en C\u00f3rdoba<\/a><\/li>\n<li><a href=\"wp-content\/uploads\/2012\/11\/05_ens_en_huelva.pdf\">Historia de los ENS en Huelva<\/a><\/li>\n<li><a href=\"wp-content\/uploads\/2012\/11\/06_cronologia_de_los_ens.pdf\">Cronolog\u00eda de Los E.N.S. &#8211; Andaluc\u00eda Occidental<\/a><\/li>\n<li><a href=\"wp-content\/uploads\/2012\/11\/07_pliego.pdf\">PLIEGO. Equipos Matrimoniales, \u00bfFuerza de Choque?<\/a><\/li>\n<li><a href=\"wp-content\/uploads\/2012\/11\/08_memoria_ens_jerez.pdf\">Memoria de Los E.N.S. de Jerez de La Frontera<\/a><\/li>\n<li><a href=\"wp-content\/uploads\/2012\/11\/09_resena_historica_ens_cordoba.pdf\">Rese\u00f1a Hist\u00f3rica del Sector de C\u00f3rdoba de Los E.N.S.<\/a><\/li>\n<li><a href=\"wp-content\/uploads\/2012\/11\/10_historial_ens_san_roque.pdf\">Historial de Los E.N.S. de San Roque<\/a><\/li>\n<li><a href=\"wp-content\/uploads\/2012\/11\/11_semblanza_p_caffarel.pdf\">Semblanza Padre Caffarel<\/a><\/li>\n<\/ul>\n<p><a href=\"http:\/\/www.ensandoc.org\/wp-content\/uploads\/2012\/11\/foto6_b.jpg\"><img loading=\"lazy\" decoding=\"async\" class=\" wp-image-152 alignright\" src=\"http:\/\/www.ensandoc.org\/wp-content\/uploads\/2012\/11\/foto6_b.jpg\" alt=\"\" width=\"125\" height=\"106\" \/><\/a><\/p>\n<p>[\/et_pb_text][\/et_pb_column][\/et_pb_row][\/et_pb_section]<\/p>\n","protected":false},"excerpt":{"rendered":"<p>Historia de nuestros sectoresEL MOVIMIENTO DESDE DISTINTAS PERSPECTIVAS Para \u00abBajar\u00bb y Leer (formato\u00a0pdf) Carta Abierta a los ENS de Andaluc\u00eda Occidental. Historia de los ENS en Sevilla &#8211; Parte 1 Historia de los ENS en Sevilla &#8211; Parte 2 Historia de los ENS en C\u00f3rdoba Historia de los ENS en Huelva Cronolog\u00eda de Los E.N.S. [&hellip;]<\/p>\n","protected":false},"author":1,"featured_media":0,"parent":2074,"menu_order":0,"comment_status":"closed","ping_status":"closed","template":"","meta":{"_et_pb_use_builder":"on","_et_pb_old_content":"<h3>DEL MOVIMIENTO DESDE DISTINTAS PERSPECTIVAS<\/h3><h6>Para \"Bajar\" y Leer (formato\u00a0pdf)<\/h6><div>\u00a0<\/div><div><ul><li><a href=\"http:\/\/ensandoc.org\/wp-content\/uploads\/2012\/11\/01_carta_abierta.pdf\">Carta Abierta a los ENS de Andaluc\u00eda Occidental.<\/a><\/li><li><a href=\"http:\/\/ensandoc.org\/wp-content\/uploads\/2012\/11\/02_ens_en_sevilla_parte_1.pdf\">Historia de los ENS en Sevilla - Parte 1<\/a><\/li><li><a href=\"http:\/\/ensandoc.org\/wp-content\/uploads\/2012\/11\/03_ens_en_sevilla_parte_2.pdf\">Historia de los ENS en Sevilla - Parte 2<\/a><\/li><li><a href=\"http:\/\/ensandoc.org\/wp-content\/uploads\/2012\/11\/04_ens_en_cordoba.pdf\">Historia de los ENS en C\u00f3rdoba<\/a><\/li><li><a href=\"http:\/\/ensandoc.org\/wp-content\/uploads\/2012\/11\/05_ens_en_huelva.pdf\">Historia de los ENS en Huelva<\/a><\/li><li><a href=\"http:\/\/ensandoc.org\/wp-content\/uploads\/2012\/11\/06_cronologia_de_los_ens.pdf\">Cronolog\u00eda de Los E.N.S. - Andaluc\u00eda Occidental<\/a><\/li><li><a href=\"http:\/\/ensandoc.org\/wp-content\/uploads\/2012\/11\/07_pliego.pdf\">PLIEGO. Equipos Matrimoniales, \u00bfFuerza de Choque?<\/a><\/li><li><a href=\"http:\/\/ensandoc.org\/wp-content\/uploads\/2012\/11\/08_memoria_ens_jerez.pdf\">Memoria de Los E.N.S. de Jerez de La Frontera<\/a><\/li><li><a href=\"http:\/\/ensandoc.org\/wp-content\/uploads\/2012\/11\/09_resena_historica_ens_cordoba.pdf\">Rese\u00f1a Hist\u00f3rica del Sector de C\u00f3rdoba de Los E.N.S.<\/a><\/li><li><a href=\"http:\/\/ensandoc.org\/wp-content\/uploads\/2012\/11\/10_historial_ens_san_roque.pdf\">Historial de Los E.N.S. de San Roque<\/a><\/li><li><a href=\"http:\/\/ensandoc.org\/wp-content\/uploads\/2012\/11\/11_semblanza_p_caffarel.pdf\">Semblanza Padre Caffarel<\/a><\/li><\/ul><p><a href=\"http:\/\/www.ensandoc.org\/wp-content\/uploads\/2012\/11\/foto6_b.jpg\"><img class=\" wp-image-152 alignright\" src=\"http:\/\/www.ensandoc.org\/wp-content\/uploads\/2012\/11\/foto6_b.jpg\" alt=\"\" width=\"125\" height=\"106\" \/><\/a><\/p><\/div>","_et_gb_content_width":"","footnotes":""},"class_list":["post-106","page","type-page","status-publish","hentry"],"yoast_head":"<!-- This site is optimized with the Yoast SEO plugin v26.2 - https:\/\/yoast.com\/wordpress\/plugins\/seo\/ -->\n<title>Historia - ENS Andalucia Occidental y Canarias<\/title>\n<meta name=\"robots\" content=\"index, follow, max-snippet:-1, max-image-preview:large, max-video-preview:-1\" \/>\n<link rel=\"canonical\" href=\"https:\/\/ensandoc.org\/historia\" \/>\n<meta property=\"og:locale\" content=\"es_ES\" \/>\n<meta property=\"og:type\" content=\"article\" \/>\n<meta property=\"og:title\" content=\"Historia - ENS Andalucia Occidental y Canarias\" \/>\n<meta property=\"og:description\" content=\"Historia de nuestros sectoresEL MOVIMIENTO DESDE DISTINTAS PERSPECTIVAS Para &quot;Bajar&quot; y Leer (formato\u00a0pdf) Carta Abierta a los ENS de Andaluc\u00eda Occidental. Historia de los ENS en Sevilla - Parte 1 Historia de los ENS en Sevilla - Parte 2 Historia de los ENS en C\u00f3rdoba Historia de los ENS en Huelva Cronolog\u00eda de Los E.N.S. [&hellip;]\" \/>\n<meta property=\"og:url\" content=\"https:\/\/ensandoc.org\/historia\" \/>\n<meta property=\"og:site_name\" content=\"ENS Andalucia Occidental y Canarias\" \/>\n<meta property=\"article:publisher\" content=\"https:\/\/www.facebook.com\/ensandoc\" \/>\n<meta property=\"article:modified_time\" content=\"2024-11-14T17:42:48+00:00\" \/>\n<meta property=\"og:image\" content=\"http:\/\/www.ensandoc.org\/wp-content\/uploads\/2012\/11\/foto6_b.jpg\" \/>\n<meta name=\"twitter:card\" content=\"summary_large_image\" \/>\n<meta name=\"twitter:site\" content=\"@ensandoc\" \/>\n<meta name=\"twitter:label1\" content=\"Tiempo de lectura\" \/>\n\t<meta name=\"twitter:data1\" content=\"3 minutos\" \/>\n<script type=\"application\/ld+json\" class=\"yoast-schema-graph\">{\"@context\":\"https:\/\/schema.org\",\"@graph\":[{\"@type\":\"WebPage\",\"@id\":\"https:\/\/ensandoc.org\/historia\",\"url\":\"https:\/\/ensandoc.org\/historia\",\"name\":\"Historia - ENS Andalucia Occidental y Canarias\",\"isPartOf\":{\"@id\":\"https:\/\/ensandoc.org\/#website\"},\"primaryImageOfPage\":{\"@id\":\"https:\/\/ensandoc.org\/historia#primaryimage\"},\"image\":{\"@id\":\"https:\/\/ensandoc.org\/historia#primaryimage\"},\"thumbnailUrl\":\"http:\/\/www.ensandoc.org\/wp-content\/uploads\/2012\/11\/foto6_b.jpg\",\"datePublished\":\"2012-11-01T13:07:02+00:00\",\"dateModified\":\"2024-11-14T17:42:48+00:00\",\"breadcrumb\":{\"@id\":\"https:\/\/ensandoc.org\/historia#breadcrumb\"},\"inLanguage\":\"es\",\"potentialAction\":[{\"@type\":\"ReadAction\",\"target\":[\"https:\/\/ensandoc.org\/historia\"]}]},{\"@type\":\"ImageObject\",\"inLanguage\":\"es\",\"@id\":\"https:\/\/ensandoc.org\/historia#primaryimage\",\"url\":\"http:\/\/www.ensandoc.org\/wp-content\/uploads\/2012\/11\/foto6_b.jpg\",\"contentUrl\":\"http:\/\/www.ensandoc.org\/wp-content\/uploads\/2012\/11\/foto6_b.jpg\"},{\"@type\":\"BreadcrumbList\",\"@id\":\"https:\/\/ensandoc.org\/historia#breadcrumb\",\"itemListElement\":[{\"@type\":\"ListItem\",\"position\":1,\"name\":\"Portada\",\"item\":\"https:\/\/ensandoc.org\/\"},{\"@type\":\"ListItem\",\"position\":2,\"name\":\"Introducci\u00f3n a los ENS\",\"item\":\"https:\/\/ensandoc.org\/Introducci%C3%B3n-a-los-ENS\"},{\"@type\":\"ListItem\",\"position\":3,\"name\":\"Historia\"}]},{\"@type\":\"WebSite\",\"@id\":\"https:\/\/ensandoc.org\/#website\",\"url\":\"https:\/\/ensandoc.org\/\",\"name\":\"ENS Andaluc\u00eda Occidental y Canarias\",\"description\":\"Regi\u00f3n de los Equipos de Nuestra Se\u00f1ora\",\"publisher\":{\"@id\":\"https:\/\/ensandoc.org\/#organization\"},\"potentialAction\":[{\"@type\":\"SearchAction\",\"target\":{\"@type\":\"EntryPoint\",\"urlTemplate\":\"https:\/\/ensandoc.org\/?s={search_term_string}\"},\"query-input\":{\"@type\":\"PropertyValueSpecification\",\"valueRequired\":true,\"valueName\":\"search_term_string\"}}],\"inLanguage\":\"es\"},{\"@type\":\"Organization\",\"@id\":\"https:\/\/ensandoc.org\/#organization\",\"name\":\"ENS Andalucia Occidental y Canarias\",\"url\":\"https:\/\/ensandoc.org\/\",\"logo\":{\"@type\":\"ImageObject\",\"inLanguage\":\"es\",\"@id\":\"https:\/\/ensandoc.org\/#\/schema\/logo\/image\/\",\"url\":\"https:\/\/ensandoc.org\/wp-content\/uploads\/2024\/10\/logoens-regional-inma.jpg\",\"contentUrl\":\"https:\/\/ensandoc.org\/wp-content\/uploads\/2024\/10\/logoens-regional-inma.jpg\",\"width\":567,\"height\":425,\"caption\":\"ENS Andalucia Occidental y Canarias\"},\"image\":{\"@id\":\"https:\/\/ensandoc.org\/#\/schema\/logo\/image\/\"},\"sameAs\":[\"https:\/\/www.facebook.com\/ensandoc\",\"https:\/\/x.com\/ensandoc\",\"https:\/\/www.instagram.com\/ensandoc\"]}]}<\/script>\n<!-- \/ Yoast SEO plugin. -->","yoast_head_json":{"title":"Historia - ENS Andalucia Occidental y Canarias","robots":{"index":"index","follow":"follow","max-snippet":"max-snippet:-1","max-image-preview":"max-image-preview:large","max-video-preview":"max-video-preview:-1"},"canonical":"https:\/\/ensandoc.org\/historia","og_locale":"es_ES","og_type":"article","og_title":"Historia - ENS Andalucia Occidental y Canarias","og_description":"Historia de nuestros sectoresEL MOVIMIENTO DESDE DISTINTAS PERSPECTIVAS Para \"Bajar\" y Leer (formato\u00a0pdf) Carta Abierta a los ENS de Andaluc\u00eda Occidental. Historia de los ENS en Sevilla - Parte 1 Historia de los ENS en Sevilla - Parte 2 Historia de los ENS en C\u00f3rdoba Historia de los ENS en Huelva Cronolog\u00eda de Los E.N.S. [&hellip;]","og_url":"https:\/\/ensandoc.org\/historia","og_site_name":"ENS Andalucia Occidental y Canarias","article_publisher":"https:\/\/www.facebook.com\/ensandoc","article_modified_time":"2024-11-14T17:42:48+00:00","og_image":[{"url":"http:\/\/www.ensandoc.org\/wp-content\/uploads\/2012\/11\/foto6_b.jpg","type":"","width":"","height":""}],"twitter_card":"summary_large_image","twitter_site":"@ensandoc","twitter_misc":{"Tiempo de lectura":"3 minutos"},"schema":{"@context":"https:\/\/schema.org","@graph":[{"@type":"WebPage","@id":"https:\/\/ensandoc.org\/historia","url":"https:\/\/ensandoc.org\/historia","name":"Historia - ENS Andalucia Occidental y Canarias","isPartOf":{"@id":"https:\/\/ensandoc.org\/#website"},"primaryImageOfPage":{"@id":"https:\/\/ensandoc.org\/historia#primaryimage"},"image":{"@id":"https:\/\/ensandoc.org\/historia#primaryimage"},"thumbnailUrl":"http:\/\/www.ensandoc.org\/wp-content\/uploads\/2012\/11\/foto6_b.jpg","datePublished":"2012-11-01T13:07:02+00:00","dateModified":"2024-11-14T17:42:48+00:00","breadcrumb":{"@id":"https:\/\/ensandoc.org\/historia#breadcrumb"},"inLanguage":"es","potentialAction":[{"@type":"ReadAction","target":["https:\/\/ensandoc.org\/historia"]}]},{"@type":"ImageObject","inLanguage":"es","@id":"https:\/\/ensandoc.org\/historia#primaryimage","url":"http:\/\/www.ensandoc.org\/wp-content\/uploads\/2012\/11\/foto6_b.jpg","contentUrl":"http:\/\/www.ensandoc.org\/wp-content\/uploads\/2012\/11\/foto6_b.jpg"},{"@type":"BreadcrumbList","@id":"https:\/\/ensandoc.org\/historia#breadcrumb","itemListElement":[{"@type":"ListItem","position":1,"name":"Portada","item":"https:\/\/ensandoc.org\/"},{"@type":"ListItem","position":2,"name":"Introducci\u00f3n a los ENS","item":"https:\/\/ensandoc.org\/Introducci%C3%B3n-a-los-ENS"},{"@type":"ListItem","position":3,"name":"Historia"}]},{"@type":"WebSite","@id":"https:\/\/ensandoc.org\/#website","url":"https:\/\/ensandoc.org\/","name":"ENS Andaluc\u00eda Occidental y Canarias","description":"Regi\u00f3n de los Equipos de Nuestra Se\u00f1ora","publisher":{"@id":"https:\/\/ensandoc.org\/#organization"},"potentialAction":[{"@type":"SearchAction","target":{"@type":"EntryPoint","urlTemplate":"https:\/\/ensandoc.org\/?s={search_term_string}"},"query-input":{"@type":"PropertyValueSpecification","valueRequired":true,"valueName":"search_term_string"}}],"inLanguage":"es"},{"@type":"Organization","@id":"https:\/\/ensandoc.org\/#organization","name":"ENS Andalucia Occidental y Canarias","url":"https:\/\/ensandoc.org\/","logo":{"@type":"ImageObject","inLanguage":"es","@id":"https:\/\/ensandoc.org\/#\/schema\/logo\/image\/","url":"https:\/\/ensandoc.org\/wp-content\/uploads\/2024\/10\/logoens-regional-inma.jpg","contentUrl":"https:\/\/ensandoc.org\/wp-content\/uploads\/2024\/10\/logoens-regional-inma.jpg","width":567,"height":425,"caption":"ENS Andalucia Occidental y Canarias"},"image":{"@id":"https:\/\/ensandoc.org\/#\/schema\/logo\/image\/"},"sameAs":["https:\/\/www.facebook.com\/ensandoc","https:\/\/x.com\/ensandoc","https:\/\/www.instagram.com\/ensandoc"]}]}},"_links":{"self":[{"href":"https:\/\/ensandoc.org\/index.php?rest_route=\/wp\/v2\/pages\/106","targetHints":{"allow":["GET"]}}],"collection":[{"href":"https:\/\/ensandoc.org\/index.php?rest_route=\/wp\/v2\/pages"}],"about":[{"href":"https:\/\/ensandoc.org\/index.php?rest_route=\/wp\/v2\/types\/page"}],"author":[{"embeddable":true,"href":"https:\/\/ensandoc.org\/index.php?rest_route=\/wp\/v2\/users\/1"}],"replies":[{"embeddable":true,"href":"https:\/\/ensandoc.org\/index.php?rest_route=%2Fwp%2Fv2%2Fcomments&post=106"}],"version-history":[{"count":7,"href":"https:\/\/ensandoc.org\/index.php?rest_route=\/wp\/v2\/pages\/106\/revisions"}],"predecessor-version":[{"id":3034,"href":"https:\/\/ensandoc.org\/index.php?rest_route=\/wp\/v2\/pages\/106\/revisions\/3034"}],"up":[{"embeddable":true,"href":"https:\/\/ensandoc.org\/index.php?rest_route=\/wp\/v2\/pages\/2074"}],"wp:attachment":[{"href":"https:\/\/ensandoc.org\/index.php?rest_route=%2Fwp%2Fv2%2Fmedia&parent=106"}],"curies":[{"name":"wp","href":"https:\/\/api.w.org\/{rel}","templated":true}]}}